{"id":1052,"date":"2017-03-15T16:29:22","date_gmt":"2017-03-15T15:29:22","guid":{"rendered":"http:\/\/archeriegossart.fr\/?post_type=product&#038;p=1052"},"modified":"2017-12-15T15:00:51","modified_gmt":"2017-12-15T14:00:51","slug":"chargeur-fenix-pour-pile-batterie-battery-are-c1","status":"publish","type":"product","link":"https:\/\/archeriegossart.fr\/index.php\/produit\/chargeur-fenix-pour-pile-batterie-battery-are-c1\/","title":{"rendered":"CHARGEUR FENIX POUR PILE BATTERIE BATTERY AREX2"},"content":{"rendered":"<p>ARE-X2, chargeur intelligent \u00e0 double canal, est con\u00e7u pour diff\u00e9rents types de batteries Li-ion (18650, 26650,16340, 14500, 10440), ou des batteries Ni-MH et Ni-Cd.\u00a0Il choisira automatiquement le mode de charge correct pour chaque batterie. Il dispose \u00e9galement d&rsquo;une d\u00e9charge de batterie pour d&rsquo;autres appareils,<br \/>\net les indicateurs LED vous indiquent le\u00a0statut et l&rsquo;\u00e9tat de l&rsquo;alimentation.<\/p>\n<p>Caract\u00e9ristiques<br \/>\n\u00b7 Entr\u00e9e: DC 5V, 1.5A (Max)<br \/>\n\u00b7 Sortie: 5V, 1.5A: 18650, 26650<br \/>\n\u00b7 5V, 1.0A: 16340, 14500, 10440<br \/>\n\u00b7 Taille: 115mm Longueur x 63mm Largeur x 30mm Hauteur<br \/>\n\u00b7 Poids: 96 grammes (hors c\u00e2ble de charge)<br \/>\n\u00b7 Temp\u00e9rature de fonctionnement: -20 \u00e0 50 degr\u00e9s<br \/>\n\u00b7 R\u00e9sistance humidit\u00e9: 5% \u00c0 90%<br \/>\n\u00b7 Temp\u00e9rature de stockage: -20 \u00e0 85 degr\u00e9s<\/p>\n","protected":false},"excerpt":{"rendered":"<p>ARE-X2, chargeur intelligent \u00e0 double canal, est con\u00e7u pour diff\u00e9rents types de batteries Li-ion (18650, 26650,16340, 14500, 10440), ou des batteries Ni-MH et Ni-Cd.\u00a0Il choisira automatiquement le mode de charge correct pour chaque batterie. Il dispose \u00e9galement d&rsquo;une d\u00e9charge de batterie pour d&rsquo;autres appareils, et les indicateurs LED vous indiquent le\u00a0statut et l&rsquo;\u00e9tat de l&rsquo;alimentation. [&hellip;]<\/p>\n","protected":false},"featured_media":3762,"template":"","meta":[],"product_cat":[82],"product_tag":[],"_links":{"self":[{"href":"https:\/\/archeriegossart.fr\/index.php\/wp-json\/wp\/v3\/product\/1052"}],"collection":[{"href":"https:\/\/archeriegossart.fr\/index.php\/wp-json\/wp\/v3\/product"}],"about":[{"href":"https:\/\/archeriegossart.fr\/index.php\/wp-json\/wp\/v2\/types\/product"}],"wp:featuredmedia":[{"embeddable":true,"href":"https:\/\/archeriegossart.fr\/index.php\/wp-json\/wp\/v2\/media\/3762"}],"wp:attachment":[{"href":"https:\/\/archeriegossart.fr\/index.php\/wp-json\/wp\/v2\/media?parent=1052"}],"wp:term":[{"taxonomy":"product_cat","embeddable":true,"href":"https:\/\/archeriegossart.fr\/index.php\/wp-json\/wp\/v2\/product_cat?post=1052"},{"taxonomy":"product_tag","embeddable":true,"href":"https:\/\/archeriegossart.fr\/index.php\/wp-json\/wp\/v2\/product_tag?post=1052"}],"curies":[{"name":"wp","href":"https:\/\/api.w.org\/{rel}","templated":true}]}}