{"id":2191,"date":"2017-09-14T11:01:26","date_gmt":"2017-09-14T09:01:26","guid":{"rendered":"http:\/\/archeriegossart.fr\/?post_type=product&#038;p=2191"},"modified":"2021-12-17T14:05:15","modified_gmt":"2021-12-17T13:05:15","slug":"aurora-outdoor-sac-a-dos-seat","status":"publish","type":"product","link":"https:\/\/archeriegossart.fr\/index.php\/produit\/aurora-outdoor-sac-a-dos-seat\/","title":{"rendered":"AURORA OUTDOOR SAC A DOS SEAT"},"content":{"rendered":"<p>Sac avec chaise int\u00e9gr\u00e9e, \u00e9volution du sac avec si\u00e8ge Aurora qui est devenu le sac le plus utilis\u00e9 et imit\u00e9 dans le march\u00e9 de l\u2019archerie. Ce nouveau sac, int\u00e9grant la chaise \u00e0 son int\u00e9rieur, utilise une structure en aluminium capable de porter jusqu\u2019\u00e0 160 kg. Etudi\u00e9 sp\u00e9cifiquement pour le tir \u00e0 l\u2019arc, ce sacci pr\u00e9voit la possibilit\u00e9 d\u2019accrocher le carquois \u00e0 la ceinture frontale, et pr\u00e9voit \u00e9galement un acc\u00e8s au contenu du sac par les deux poches lat\u00e9rales. Il s\u2019av\u00e8re donc possible de r\u00e9cup\u00e9rer ses propres accessoires, tout en restant agr\u00e9ablement assis sur le sac m\u00eame.<\/p>\n","protected":false},"excerpt":{"rendered":"<p>Sac avec chaise int\u00e9gr\u00e9e, \u00e9volution du sac avec si\u00e8ge Aurora qui est devenu le sac le plus utilis\u00e9 et imit\u00e9 dans le march\u00e9 de l\u2019archerie. Ce nouveau sac, int\u00e9grant la chaise \u00e0 son int\u00e9rieur, utilise une structure en aluminium capable de porter jusqu\u2019\u00e0 160 kg. Etudi\u00e9 sp\u00e9cifiquement pour le tir \u00e0 l\u2019arc, ce sacci pr\u00e9voit [&hellip;]<\/p>\n","protected":false},"featured_media":2194,"template":"","meta":[],"product_cat":[32],"product_tag":[],"_links":{"self":[{"href":"https:\/\/archeriegossart.fr\/index.php\/wp-json\/wp\/v3\/product\/2191"}],"collection":[{"href":"https:\/\/archeriegossart.fr\/index.php\/wp-json\/wp\/v3\/product"}],"about":[{"href":"https:\/\/archeriegossart.fr\/index.php\/wp-json\/wp\/v2\/types\/product"}],"wp:featuredmedia":[{"embeddable":true,"href":"https:\/\/archeriegossart.fr\/index.php\/wp-json\/wp\/v2\/media\/2194"}],"wp:attachment":[{"href":"https:\/\/archeriegossart.fr\/index.php\/wp-json\/wp\/v2\/media?parent=2191"}],"wp:term":[{"taxonomy":"product_cat","embeddable":true,"href":"https:\/\/archeriegossart.fr\/index.php\/wp-json\/wp\/v2\/product_cat?post=2191"},{"taxonomy":"product_tag","embeddable":true,"href":"https:\/\/archeriegossart.fr\/index.php\/wp-json\/wp\/v2\/product_tag?post=2191"}],"curies":[{"name":"wp","href":"https:\/\/api.w.org\/{rel}","templated":true}]}}