{"id":23,"date":"2017-01-31T12:00:23","date_gmt":"2017-01-31T11:00:23","guid":{"rendered":"http:\/\/archeriegossart.fr\/?post_type=product&#038;p=23"},"modified":"2025-07-15T17:34:30","modified_gmt":"2025-07-15T15:34:30","slug":"arc-test","status":"publish","type":"product","link":"https:\/\/archeriegossart.fr\/index.php\/produit\/arc-test\/","title":{"rendered":"Arc recurve Spirit Old Tradition \u00ab\u00a0Luxe\u00a0\u00bb"},"content":{"rendered":"<p>Spirit Old Tradition \u00ab\u00a0Luxe\u00a0\u00bb.<\/p>\n<p>Le Spirit est un recurve monobloc de 60\u00a0\u00bb id\u00e9al pour la chasse et le tir 3D.<\/p>\n<p>Finition luxe avec branches en fr\u00eane et poign\u00e9e en amazakou\u00e9 et zebrawood.<\/p>\n<p>Un design qui allie finesse et l\u00e9g\u00e8ret\u00e9 pour une grande qualit\u00e9 de finition.<\/p>\n<p>Structure en fibres Gordon USA qui permet l&rsquo;utilisation de cordes en FastFlite.<\/p>\n<p><span style=\"font-family: Calibri;\">Livr\u00e9 avec corde traditionnelle Flamande en fast flight.<\/span><\/p>\n<p>Existe en droitier ou gaucher de 35# \u00e0 55#.<\/p>\n","protected":false},"excerpt":{"rendered":"<p>Spirit Old Tradition \u00ab\u00a0Luxe\u00a0\u00bb.<\/p>\n<p>Le Spirit est un recurve monobloc de 60\u00a0\u00bb id\u00e9al pour la chasse et le tir 3D.<\/p>\n<p>Finition luxe avec branches en fr\u00eane et poign\u00e9e en amazakou\u00e9 et zebrawood.<\/p>\n<p>Un design qui allie finesse et l\u00e9g\u00e8ret\u00e9 pour une grande qualit\u00e9 de finition.<\/p>\n<p>Structure en fibres Gordon USA qui permet l&rsquo;utilisation de cordes en FastFlite.<\/p>\n<p>Livr\u00e9 avec corde traditionnelle en FastFlite.<\/p>\n<p>Existe en droitier ou gaucher de 35# \u00e0 55#.<\/p>\n","protected":false},"featured_media":27,"template":"","meta":[],"product_cat":[34],"product_tag":[],"_links":{"self":[{"href":"https:\/\/archeriegossart.fr\/index.php\/wp-json\/wp\/v3\/product\/23"}],"collection":[{"href":"https:\/\/archeriegossart.fr\/index.php\/wp-json\/wp\/v3\/product"}],"about":[{"href":"https:\/\/archeriegossart.fr\/index.php\/wp-json\/wp\/v2\/types\/product"}],"wp:featuredmedia":[{"embeddable":true,"href":"https:\/\/archeriegossart.fr\/index.php\/wp-json\/wp\/v2\/media\/27"}],"wp:attachment":[{"href":"https:\/\/archeriegossart.fr\/index.php\/wp-json\/wp\/v2\/media?parent=23"}],"wp:term":[{"taxonomy":"product_cat","embeddable":true,"href":"https:\/\/archeriegossart.fr\/index.php\/wp-json\/wp\/v2\/product_cat?post=23"},{"taxonomy":"product_tag","embeddable":true,"href":"https:\/\/archeriegossart.fr\/index.php\/wp-json\/wp\/v2\/product_tag?post=23"}],"curies":[{"name":"wp","href":"https:\/\/api.w.org\/{rel}","templated":true}]}}