{"id":3767,"date":"2017-12-15T15:17:44","date_gmt":"2017-12-15T14:17:44","guid":{"rendered":"https:\/\/archeriegossart.fr\/?post_type=product&#038;p=3767"},"modified":"2017-12-15T15:19:03","modified_gmt":"2017-12-15T14:19:03","slug":"lampe-fenix-tk15-1000-lumens","status":"publish","type":"product","link":"https:\/\/archeriegossart.fr\/index.php\/produit\/lampe-fenix-tk15-1000-lumens\/","title":{"rendered":"LAMPE FENIX TK15 1000 lumens"},"content":{"rendered":"<p><strong>Caract\u00e9ristiques<\/strong><br \/>\n\u00b7 Utilise une LED Cree XP-L HI V3 d&rsquo;une dur\u00e9e de vie de 50 000 heures<br \/>\n\u00b7 Aliment\u00e9 par une batterie Li-ion rechargeable 18650 ou deux batteries lithium CR123A<br \/>\n\u00b7 142.5mm Longueur x 25.4mm Diam\u00e8tre du corps x 34mm Diam\u00e8tre de la t\u00eate<br \/>\n\u00b7 141 grammes hors batterie<br \/>\n\u00b7 Compatible avec l&rsquo;interrupteur \u00e0 distance AER-01 \/ AER-02<br \/>\n\u00b7 La sortie \u00e0 commande num\u00e9rique maintient une luminosit\u00e9 constante<br \/>\n\u00b7 Protection contre les inversions de polarit\u00e9, pour prot\u00e9ger contre une mauvaise installation de la batterie<br \/>\n\u00b7 Design de corps anti-roulis et antid\u00e9rapants<br \/>\n\u00b7 Interrupteur arri\u00e8re tactique pour fonction momentan\u00e9e<br \/>\n\u00b7 Interrupteur lat\u00e9ral fonctionnel pour la s\u00e9lection de sortie<br \/>\n\u00b7 Fabriqu\u00e9 en aluminium durable<br \/>\n\u00b7 Finition anti-abrasive anodis\u00e9e dure<br \/>\n\u00b7 Lentille en verre ultra-clair \u00e9tir\u00e9e avec rev\u00eatement antireflet<\/p>\n<table>\n<tbody>\n<tr>\n<td colspan=\"7\"><b>ANSI\/PLATO FL 1 &#8211; TK15UE<\/b><\/td>\n<\/tr>\n<tr>\n<th>MODE<\/th>\n<th>Puissance<\/th>\n<th>Autonomie<\/th>\n<th>Port\u00e9e<\/th>\n<th>Intensit\u00e9<\/th>\n<th>R\u00e9sistance<br \/>\naux chocs<\/th>\n<th>Etanch\u00e9it\u00e9<\/th>\n<\/tr>\n<tr>\n<td>Turbo<\/td>\n<td>1000 Lumens<\/td>\n<td>2h<\/td>\n<td>325m<\/td>\n<td>26400cd<\/td>\n<td rowspan=\"5\">1m<\/td>\n<td rowspan=\"5\">IPX-8 profondeur 2m<\/td>\n<\/tr>\n<tr>\n<td>Haut<\/td>\n<td>350 Lumens<\/td>\n<td>4h 20min<\/td>\n<td>194m<\/td>\n<td>9400cd<\/td>\n<\/tr>\n<tr>\n<td>Moyen<\/td>\n<td>150 Lumens<\/td>\n<td>11h 30min<\/td>\n<td>125m<\/td>\n<td>3900cd<\/td>\n<\/tr>\n<tr>\n<td>Bas<\/td>\n<td>10 Lumens<\/td>\n<td>135h<\/td>\n<td>31m<\/td>\n<td>240cd<\/td>\n<\/tr>\n<tr>\n<td>Stroboscope<\/td>\n<td>1000 Lumens<\/td>\n<td>\/<\/td>\n<td>\/<\/td>\n<td>\/<\/td>\n<\/tr>\n<\/tbody>\n<\/table>\n","protected":false},"excerpt":{"rendered":"<p>Caract\u00e9ristiques \u00b7 Utilise une LED Cree XP-L HI V3 d&rsquo;une dur\u00e9e de vie de 50 000 heures \u00b7 Aliment\u00e9 par une batterie Li-ion rechargeable 18650 ou deux batteries lithium CR123A \u00b7 142.5mm Longueur x 25.4mm Diam\u00e8tre du corps x 34mm Diam\u00e8tre de la t\u00eate \u00b7 141 grammes hors batterie \u00b7 Compatible avec l&rsquo;interrupteur \u00e0 distance [&hellip;]<\/p>\n","protected":false},"featured_media":3771,"template":"","meta":[],"product_cat":[82],"product_tag":[],"_links":{"self":[{"href":"https:\/\/archeriegossart.fr\/index.php\/wp-json\/wp\/v3\/product\/3767"}],"collection":[{"href":"https:\/\/archeriegossart.fr\/index.php\/wp-json\/wp\/v3\/product"}],"about":[{"href":"https:\/\/archeriegossart.fr\/index.php\/wp-json\/wp\/v2\/types\/product"}],"wp:featuredmedia":[{"embeddable":true,"href":"https:\/\/archeriegossart.fr\/index.php\/wp-json\/wp\/v2\/media\/3771"}],"wp:attachment":[{"href":"https:\/\/archeriegossart.fr\/index.php\/wp-json\/wp\/v2\/media?parent=3767"}],"wp:term":[{"taxonomy":"product_cat","embeddable":true,"href":"https:\/\/archeriegossart.fr\/index.php\/wp-json\/wp\/v2\/product_cat?post=3767"},{"taxonomy":"product_tag","embeddable":true,"href":"https:\/\/archeriegossart.fr\/index.php\/wp-json\/wp\/v2\/product_tag?post=3767"}],"curies":[{"name":"wp","href":"https:\/\/api.w.org\/{rel}","templated":true}]}}