{"id":404,"date":"2017-03-01T12:46:17","date_gmt":"2017-03-01T11:46:17","guid":{"rendered":"http:\/\/archeriegossart.fr\/?post_type=product&#038;p=404"},"modified":"2025-07-15T14:13:30","modified_gmt":"2025-07-15T12:13:30","slug":"carabine-gamo-black-shadow-synthetique-cal-45-14-j","status":"publish","type":"product","link":"https:\/\/archeriegossart.fr\/index.php\/produit\/carabine-gamo-black-shadow-synthetique-cal-45-14-j\/","title":{"rendered":"Carabine GAMO BLACK SHADOW Synth\u00e9tique &#8211; cal.4,5 &#8211; 14 j"},"content":{"rendered":"<p><strong><span style=\"color: #0000ff;\">R\u00e9glementation en vigueur :<\/span><\/strong><br \/>\n<strong><span style=\"color: #0000ff;\">Les Carabines air comprim\u00e9 de puissance de 19.9 joules maximum sont consid\u00e9r\u00e9es l\u00e9galement comme des armes de cat\u00e9gorie Dh. <\/span><\/strong><br \/>\n<strong><span style=\"color: #0000ff;\">elles sont donc en vente libre, mais il vous faudra \u00eatre majeur pour en faire l\u2019acquisition.<\/span><\/strong><br \/>\n<strong><span style=\"color: #0000ff;\">Pour l\u2019achat une pi\u00e8ce d\u2019identit\u00e9 doit nous \u00eatre envoy\u00e9 en format PDF, avec nos remerciements.<\/span><\/strong><\/p>\n<p>Plus puissante et plus performante<br \/>\nGAMO BLACK Shadow<\/p>\n<p>&#8211; Carabine \u00e0 air comprim\u00e9<br \/>\n&#8211; Cal.4.5mm<br \/>\n&#8211; Puissance : 14 joules<br \/>\n&#8211; Vitesse \u00e0 la bouche: 236m\/s<br \/>\n&#8211; Organes de vis\u00e9e r\u00e9glables en fibre optique TRUGLO avec prot\u00e8ge guidon<br \/>\n&#8211; Nouvelle d\u00e9tente SAT avec poussoir de s\u00e9curit\u00e9<\/p>\n<p>&#8211; Accroissement de la vitesse et de la p\u00e9n\u00e9tration<br \/>\n-Une extr\u00eame solidit\u00e9 gr\u00e2ce \u00e0 son faible niveau de frictions<br \/>\n-Une puissance constante et durable: le cylindre pneumatique est capable de d\u00e9livrer exactement la m\u00eame puissance \u00e0 chaque tir, permettant au tireur de hausser son niveau de performances.<br \/>\n-R\u00e9duction importante des vibrations: le cylindre pneumatique produit moins de vibrations lors du tir compar\u00e9 \u00e0 un syst\u00e8me \u00e0 air comprim\u00e9.<br \/>\n-Canon ray\u00e9 en acier<br \/>\n-Crosse ambidextre en fibre synth\u00e9tique noire \u00e0 joue ergonomique avec plaque de couche caoutchouc alv\u00e9ol\u00e9e et piq\u00fbre sur la poign\u00e9e et le fut pour un meilleur maintient.<\/p>\n<p>-Rail de fixation 11 mm pour optique<br \/>\n-Longueur totale : 109 cm<br \/>\n-Puissance : 14 joules<\/p>\n<hr \/>\n<p>&nbsp;<\/p>\n","protected":false},"excerpt":{"rendered":"<p>R\u00e9glementation en vigueur : Les Carabines air comprim\u00e9 de puissance de 19.9 joules maximum sont consid\u00e9r\u00e9es l\u00e9galement comme des armes de cat\u00e9gorie Dh. elles sont donc en vente libre, mais il vous faudra \u00eatre majeur pour en faire l\u2019acquisition. Pour l\u2019achat une pi\u00e8ce d\u2019identit\u00e9 doit nous \u00eatre envoy\u00e9 en format PDF, avec nos remerciements. Plus [&hellip;]<\/p>\n","protected":false},"featured_media":405,"template":"","meta":[],"product_cat":[44],"product_tag":[],"_links":{"self":[{"href":"https:\/\/archeriegossart.fr\/index.php\/wp-json\/wp\/v3\/product\/404"}],"collection":[{"href":"https:\/\/archeriegossart.fr\/index.php\/wp-json\/wp\/v3\/product"}],"about":[{"href":"https:\/\/archeriegossart.fr\/index.php\/wp-json\/wp\/v2\/types\/product"}],"wp:featuredmedia":[{"embeddable":true,"href":"https:\/\/archeriegossart.fr\/index.php\/wp-json\/wp\/v2\/media\/405"}],"wp:attachment":[{"href":"https:\/\/archeriegossart.fr\/index.php\/wp-json\/wp\/v2\/media?parent=404"}],"wp:term":[{"taxonomy":"product_cat","embeddable":true,"href":"https:\/\/archeriegossart.fr\/index.php\/wp-json\/wp\/v2\/product_cat?post=404"},{"taxonomy":"product_tag","embeddable":true,"href":"https:\/\/archeriegossart.fr\/index.php\/wp-json\/wp\/v2\/product_tag?post=404"}],"curies":[{"name":"wp","href":"https:\/\/api.w.org\/{rel}","templated":true}]}}