{"id":5124,"date":"2018-12-24T11:42:28","date_gmt":"2018-12-24T10:42:28","guid":{"rendered":"https:\/\/archeriegossart.fr\/?post_type=product&#038;p=5124"},"modified":"2024-12-14T18:49:21","modified_gmt":"2024-12-14T17:49:21","slug":"guardian-angel-iii-noir-crosse-pistolet","status":"publish","type":"product","link":"https:\/\/archeriegossart.fr\/index.php\/produit\/guardian-angel-iii-noir-crosse-pistolet\/","title":{"rendered":"Guardian Angel III noir &#8211; crosse pistolet"},"content":{"rendered":"<p>Ils stoppent les attaques \u00e0 distance, sont insensibles au vent gr\u00e2ce \u00e0 leur projection \u00e0 180 km\/h, leurs deux coups sont efficaces m\u00eame \u00e0 travers une cagoule, provoquant une immobilisation imm\u00e9diate de l\u2019agresseur sans risque de retour de nuage de gaz.<br \/>\nSoyez libre de ne plus avoir peur ! Le Guardian Angel est fiable en toute situation !<br \/>\nLe Guardian Angel\u00ae est efficace m\u00eame en cas de vent contraire !<br \/>\nLa capsa\u00efne (substance naturelle \u00e0 base de piment) est la substance irritante la plus efficace et la plus utilis\u00e9e au monde.<br \/>\nL&rsquo;utilisation du Guardian Angel\u00ae est garantit sans s\u00e9quelle ni effets secondaires sur la personne vis\u00e9e.<br \/>\n8 fois + rapide qu\u2019un spray lacrymog\u00e8ne classique.<br \/>\nProjection du liquide \u00e0 180 km\/h<br \/>\nJusqu\u2019\u00e0 4 m\u00e8tres<br \/>\nEfficacit\u00e9 imm\u00e9diate et totale pendant 15 \u00e0 30 minutes.<br \/>\nPrise en main ultra rapide, clip de ceinture.<br \/>\nEn vente libre \u00e0 partir de 18 ans<br \/>\nNon rechargeable<br \/>\n2 heures d&rsquo;effets, 5 minutes de neutralisation totale, 1 seconde quand tout se joue !<br \/>\nVotre Guardian Angel personnel ! Avec votre Guardian Angel, vous \u00eates en s\u00e9curit\u00e9 partout, tout le temps et tout au long de votre parcours.<br \/>\nGUARDIAN ANGEL\u00ae EST TOUJOURS \u00c0 VOS C\u00d4T\u00c9S SI VOUSEN AVEZ BESOIN<br \/>\nPro\ufb01tez de votre vie au maximum. Ne vous inqui\u00e9tez pas inutilement des impr\u00e9vus. Concentrez-vous sur les choses r\u00e9ellement<br \/>\nimportantes de la vie. Le Guardian Angel\u00ae. L\u00e9ger et compact sera un compagnon loyal \u00e0 avoir dans chaque situation d\u2019urgence, \u00e0 port\u00e9e de main et pr\u00eat \u00e0 \u00eatre utilis\u00e9.<br \/>\nUNE FIABILIT\u00c9 COMPACTE POUR CHAQUE SITUATION<br \/>\nM\u00eame si vous \u00eates amen\u00e9 \u00e0 faire de nouvelles aventures, avec le Guardian Angel\u00ae \u00e0 vos c\u00f4t\u00e9s vous n&rsquo;\u00eates plus livr\u00e9 \u00e0 vous m\u00eame.<br \/>\nERGONOMIQUE : Le Guardian Angel\u00ae peut facilement \u00eatre manipul\u00e9 de mani\u00e8re s\u00e9curis\u00e9e par des individus non exp\u00e9riment\u00e9s.<br \/>\nDESIGN COMPACT : Intelligent, compact et bien pens\u00e9, votre Guardian Angel\u00ae est Discret et peut \u00eatre port\u00e9 partout.<br \/>\nRAPIDEMENT OP\u00c9RATIONNEL: En cas de n\u00e9cessit\u00e9, votre Guardian Angel\u00ae est toujours \u00e0 port\u00e9 de main a\ufb01n que vous n\u2019ayez pas une seconde \u00e0 perdre lorsque c\u2019est primordial.<br \/>\nR\u00c9SISTANT AUX TEMP\u00c9RATURES EXTR\u00caMES : Votre Guardian Angel\u00ae fonctionnera ef\ufb01cacement m\u00eame en cas de froid ou de chaleur intense.<br \/>\nIND\u00c9PENDANT DES CONDITIONS METEOROLOGIQUES : Gr\u00e2ce \u00e0 son syst\u00e8me \u00e0 impulsion brevet\u00e9, vous pouvez utiliser le Guardian Angel\u00ae malgr\u00e9 le vent et la pluie.<br \/>\nPAS DE PERTE DE PRESSION : Contrairement \u00e0 un spray au poivre, le Guardian Angel\u00ae se tient infailliblement \u00e0 vos c\u00f4t\u00e9s.<br \/>\n+ DE PR\u00c9CISION : Vis\u00e9e ouverte avec hausse et guidon<br \/>\nPRISE EN MAIN : La poign\u00e9e miniaturis\u00e9e am\u00e9liore encore l\u2019ergonomie g\u00e9n\u00e9rale de l\u2019appareil<br \/>\nSUBSTANCE ACTIVE PIEXOL<br \/>\nNotre substance unique et hautement concentr\u00e9e est extrait d\u2019une base de tabasco et compte parmi les plus puissants sur l\u2018\u00e9chelle de mesure de la force des piments. La consistance sp\u00e9ciale du Piexol assure une s\u00e9curit\u00e9 maximale dans n\u2018importe quelles conditions m\u00e9t\u00e9orologiques.<br \/>\nPARFAIT DANS LES MOINDRES D\u00c9TAILS<br \/>\nDimensions : 120 x 25 x 85 mm<br \/>\nPoids : 120 g<br \/>\nPort\u00e9e : 4 m<br \/>\nDistance de s\u00e9curit\u00e9 : 0,5 m<br \/>\nPrincipe actif : Piexol 400kS<br \/>\nVitesse du jet \u00e0 1 m\u00e8tre : 50 m\/s (180 km\/h)<br \/>\nTemp\u00e9rature de fonctionnement : &#8211; 20 C\u00b0 bis + 80 C\u00b0<br \/>\nPoids de la d\u00e9tente : 3 kg<\/p>\n","protected":false},"excerpt":{"rendered":"<p>Ils stoppent les attaques \u00e0 distance, sont insensibles au vent gr\u00e2ce \u00e0 leur projection \u00e0 180 km\/h, leurs deux coups sont efficaces m\u00eame \u00e0 travers une cagoule, provoquant une immobilisation imm\u00e9diate de l\u2019agresseur sans risque de retour de nuage de gaz. Soyez libre de ne plus avoir peur ! Le Guardian Angel est fiable en [&hellip;]<\/p>\n","protected":false},"featured_media":5125,"template":"","meta":[],"product_cat":[52],"product_tag":[],"_links":{"self":[{"href":"https:\/\/archeriegossart.fr\/index.php\/wp-json\/wp\/v3\/product\/5124"}],"collection":[{"href":"https:\/\/archeriegossart.fr\/index.php\/wp-json\/wp\/v3\/product"}],"about":[{"href":"https:\/\/archeriegossart.fr\/index.php\/wp-json\/wp\/v2\/types\/product"}],"wp:featuredmedia":[{"embeddable":true,"href":"https:\/\/archeriegossart.fr\/index.php\/wp-json\/wp\/v2\/media\/5125"}],"wp:attachment":[{"href":"https:\/\/archeriegossart.fr\/index.php\/wp-json\/wp\/v2\/media?parent=5124"}],"wp:term":[{"taxonomy":"product_cat","embeddable":true,"href":"https:\/\/archeriegossart.fr\/index.php\/wp-json\/wp\/v2\/product_cat?post=5124"},{"taxonomy":"product_tag","embeddable":true,"href":"https:\/\/archeriegossart.fr\/index.php\/wp-json\/wp\/v2\/product_tag?post=5124"}],"curies":[{"name":"wp","href":"https:\/\/api.w.org\/{rel}","templated":true}]}}