{"id":6005,"date":"2019-12-02T13:54:08","date_gmt":"2019-12-02T12:54:08","guid":{"rendered":"https:\/\/archeriegossart.fr\/?post_type=product&#038;p=6005"},"modified":"2020-12-02T16:51:41","modified_gmt":"2020-12-02T15:51:41","slug":"bracelet-avalon-new-stretchyguard-slip-on","status":"publish","type":"product","link":"https:\/\/archeriegossart.fr\/index.php\/produit\/bracelet-avalon-new-stretchyguard-slip-on\/","title":{"rendered":"BRACELET AVALON NEW STRETCHYGUARD SLIP ON"},"content":{"rendered":"<p>Bracelet tube avec renfort en polym\u00e8re pour une protection de l&rsquo;avant bras.<br \/>\nExiste en plusieurs couleurs pour un assortiment design \u00e0 votre \u00e9quipement.<\/p>\n","protected":false},"excerpt":{"rendered":"<p>Bracelet tube avec renfort en polym\u00e8re pour une protection de l&rsquo;avant bras. Existe en plusieurs couleurs pour un assortiment design \u00e0 votre \u00e9quipement.<\/p>\n","protected":false},"featured_media":6007,"template":"","meta":[],"product_cat":[85],"product_tag":[],"_links":{"self":[{"href":"https:\/\/archeriegossart.fr\/index.php\/wp-json\/wp\/v3\/product\/6005"}],"collection":[{"href":"https:\/\/archeriegossart.fr\/index.php\/wp-json\/wp\/v3\/product"}],"about":[{"href":"https:\/\/archeriegossart.fr\/index.php\/wp-json\/wp\/v2\/types\/product"}],"wp:featuredmedia":[{"embeddable":true,"href":"https:\/\/archeriegossart.fr\/index.php\/wp-json\/wp\/v2\/media\/6007"}],"wp:attachment":[{"href":"https:\/\/archeriegossart.fr\/index.php\/wp-json\/wp\/v2\/media?parent=6005"}],"wp:term":[{"taxonomy":"product_cat","embeddable":true,"href":"https:\/\/archeriegossart.fr\/index.php\/wp-json\/wp\/v2\/product_cat?post=6005"},{"taxonomy":"product_tag","embeddable":true,"href":"https:\/\/archeriegossart.fr\/index.php\/wp-json\/wp\/v2\/product_tag?post=6005"}],"curies":[{"name":"wp","href":"https:\/\/api.w.org\/{rel}","templated":true}]}}