{"id":6755,"date":"2021-09-22T15:58:54","date_gmt":"2021-09-22T13:58:54","guid":{"rendered":"https:\/\/archeriegossart.fr\/?post_type=product&#038;p=6755"},"modified":"2025-12-04T10:53:57","modified_gmt":"2025-12-04T09:53:57","slug":"arc-longbow-old-tradition-ghost-bamboo-68","status":"publish","type":"product","link":"https:\/\/archeriegossart.fr\/index.php\/produit\/arc-longbow-old-tradition-ghost-bamboo-68\/","title":{"rendered":"ARC LONGBOW OLD TRADITION BAMBOO 68&Prime;"},"content":{"rendered":"<p>Le\u00a0<em>Bamboo<\/em>\u00a0b\u00e9n\u00e9ficie d&rsquo;un\u00a0<strong>design Reflex\/Deflex<\/strong>\u00a0qui lui\u00a0<strong>procure \u00e0 la fois souplesse et vitesse<\/strong>.<\/p>\n<p>Son\u00a0<strong>grip anatomique<\/strong>\u00a0avec empreinte des doigts et sa\u00a0<strong>fen\u00eatre centr\u00e9e<\/strong>\u00a0vous permettront d&rsquo;acqu\u00e9rir un niveau de\u00a0<strong>pr\u00e9cision remarquable<\/strong>\u00a0pour un arc d&rsquo;un\u00a0<strong>rapport qualit\u00e9 prix in\u00e9gal\u00e9\u00a0<\/strong>sur le march\u00e9 !<\/p>\n<p>Composition\u00a0:<\/p>\n<p>Branches\u00a0: Fibre Gordon sur \u00e2me centrale en\u00a0<strong>Bamboo du Tonkin<\/strong>\u00a0et lames de finition en\u00a0<strong>Zebrawood<\/strong>.<br \/>\nPoign\u00e9e\u00a0: Combinaison d\u2019essences exotiques (<strong>Ovangkol<\/strong>\u00a0+\u00a0<strong>Zebrawood<\/strong>).<br \/>\nInsert central en<strong>\u00a0fibre Gordon<\/strong>.<\/p>\n<p>Caract\u00e9ristiques\u00a0:<\/p>\n<p>Dimension\u00a0:\u00a0<strong>68<\/strong>\u00a0\u00bb ou\u00a0<strong>66<\/strong>\u00ab\u00a0.<br \/>\nForce\u00a0: de\u00a0<strong>30<\/strong>\u00a0\u00e0\u00a0<strong>55<\/strong>#<br \/>\nExiste en\u00a0<strong>droitier<\/strong>\u00a0ou\u00a0<strong>gaucher<\/strong>.<\/p>\n<p>Livr\u00e9 avec corde traditionnelle Flamande en\u00a0<strong>FastFlite<\/strong>.<\/p>\n","protected":false},"excerpt":{"rendered":"<p>Le\u00a0Bamboo\u00a0b\u00e9n\u00e9ficie d&rsquo;un\u00a0design Reflex\/Deflex\u00a0qui lui\u00a0procure \u00e0 la fois souplesse et vitesse. Son\u00a0grip anatomique\u00a0avec empreinte des doigts et sa\u00a0fen\u00eatre centr\u00e9e\u00a0vous permettront d&rsquo;acqu\u00e9rir un niveau de\u00a0pr\u00e9cision remarquable\u00a0pour un arc d&rsquo;un\u00a0rapport qualit\u00e9 prix in\u00e9gal\u00e9\u00a0sur le march\u00e9 ! Composition\u00a0: Branches\u00a0: Fibre Gordon sur \u00e2me centrale en\u00a0Bamboo du Tonkin\u00a0et lames de finition en\u00a0Zebrawood. Poign\u00e9e\u00a0: Combinaison d\u2019essences exotiques (Ovangkol\u00a0+\u00a0Zebrawood). Insert central en\u00a0fibre [&hellip;]<\/p>\n","protected":false},"featured_media":6768,"template":"","meta":[],"product_cat":[36],"product_tag":[],"_links":{"self":[{"href":"https:\/\/archeriegossart.fr\/index.php\/wp-json\/wp\/v3\/product\/6755"}],"collection":[{"href":"https:\/\/archeriegossart.fr\/index.php\/wp-json\/wp\/v3\/product"}],"about":[{"href":"https:\/\/archeriegossart.fr\/index.php\/wp-json\/wp\/v2\/types\/product"}],"wp:featuredmedia":[{"embeddable":true,"href":"https:\/\/archeriegossart.fr\/index.php\/wp-json\/wp\/v2\/media\/6768"}],"wp:attachment":[{"href":"https:\/\/archeriegossart.fr\/index.php\/wp-json\/wp\/v2\/media?parent=6755"}],"wp:term":[{"taxonomy":"product_cat","embeddable":true,"href":"https:\/\/archeriegossart.fr\/index.php\/wp-json\/wp\/v2\/product_cat?post=6755"},{"taxonomy":"product_tag","embeddable":true,"href":"https:\/\/archeriegossart.fr\/index.php\/wp-json\/wp\/v2\/product_tag?post=6755"}],"curies":[{"name":"wp","href":"https:\/\/api.w.org\/{rel}","templated":true}]}}