{"id":908,"date":"2017-03-14T13:52:50","date_gmt":"2017-03-14T12:52:50","guid":{"rendered":"http:\/\/archeriegossart.fr\/?post_type=product&#038;p=908"},"modified":"2021-11-16T17:27:31","modified_gmt":"2021-11-16T16:27:31","slug":"protege-bras-cuir-old-tradition","status":"publish","type":"product","link":"https:\/\/archeriegossart.fr\/index.php\/produit\/protege-bras-cuir-old-tradition\/","title":{"rendered":"Prot\u00e8ge bras cuir Old Tradition"},"content":{"rendered":"<p>Prot\u00e8ge bras cuir Old Tradition.<br \/>\nFiaxation par \u00e9lastique de la\u00e7age.<\/p>\n","protected":false},"excerpt":{"rendered":"<p>Prot\u00e8ge bras cuir Old Tradition. Fiaxation par \u00e9lastique de la\u00e7age.<\/p>\n","protected":false},"featured_media":909,"template":"","meta":[],"product_cat":[85],"product_tag":[],"_links":{"self":[{"href":"https:\/\/archeriegossart.fr\/index.php\/wp-json\/wp\/v3\/product\/908"}],"collection":[{"href":"https:\/\/archeriegossart.fr\/index.php\/wp-json\/wp\/v3\/product"}],"about":[{"href":"https:\/\/archeriegossart.fr\/index.php\/wp-json\/wp\/v2\/types\/product"}],"wp:featuredmedia":[{"embeddable":true,"href":"https:\/\/archeriegossart.fr\/index.php\/wp-json\/wp\/v2\/media\/909"}],"wp:attachment":[{"href":"https:\/\/archeriegossart.fr\/index.php\/wp-json\/wp\/v2\/media?parent=908"}],"wp:term":[{"taxonomy":"product_cat","embeddable":true,"href":"https:\/\/archeriegossart.fr\/index.php\/wp-json\/wp\/v2\/product_cat?post=908"},{"taxonomy":"product_tag","embeddable":true,"href":"https:\/\/archeriegossart.fr\/index.php\/wp-json\/wp\/v2\/product_tag?post=908"}],"curies":[{"name":"wp","href":"https:\/\/api.w.org\/{rel}","templated":true}]}}